{"id":129,"date":"2024-03-09T23:00:39","date_gmt":"2024-03-09T22:00:39","guid":{"rendered":"https:\/\/terrasylva.fr\/?page_id=129"},"modified":"2024-03-10T11:38:42","modified_gmt":"2024-03-10T10:38:42","slug":"la-populiculture","status":"publish","type":"page","link":"https:\/\/terrasylva.fr\/index.php\/la-populiculture\/","title":{"rendered":"Populiculture"},"content":{"rendered":"\n<div class=\"wp-block-group alignfull has-accent-3-background-color has-background has-global-padding is-layout-constrained wp-container-core-group-is-layout-669513ed wp-block-group-is-layout-constrained\" style=\"margin-top:0;margin-bottom:0;padding-top:var(--wp--preset--spacing--50);padding-right:var(--wp--preset--spacing--50);padding-bottom:var(--wp--preset--spacing--50);padding-left:var(--wp--preset--spacing--50)\">\n<div class=\"wp-block-columns alignwide is-layout-flex wp-container-core-columns-is-layout-28f84493 wp-block-columns-is-layout-flex\">\n<div class=\"wp-block-column is-layout-flow wp-block-column-is-layout-flow\" style=\"flex-basis:100%\">\n<p class=\"has-base-2-color has-text-color has-link-color has-medium-font-size wp-elements-2c94a8aab1d8c1571157234d3332d945\">Le peuplier se distingue des autres essences foresti\u00e8res, notamment feuillues, par son excellente rectitude, sa vitesse de croissance et son aptitude au bouturage exceptionnelles. Il fait l\u2019objet d\u2019un traitement sylvicole sp\u00e9cifique, relativement intensif, la populiculture, dont les principales particularit\u00e9s sont : l\u2019introduction de peupliers sous forme de plan\u00e7ons*, l\u2019utilisation d\u2019un nombre r\u00e9duit de vari\u00e9t\u00e9s (cultivars) issues d\u2019un processus de s\u00e9lection g\u00e9n\u00e9tique tr\u00e8s pouss\u00e9, la plantation de la peupleraie \u00e0 densit\u00e9 d\u00e9finitive (pas d\u2019\u00e9claircies)<\/p>\n\n\n\n<p class=\"has-base-2-color has-text-color has-link-color has-medium-font-size wp-elements-7bb1bb9db8309de46085cd80d1e9d5d5\">La populiculture a pour objectif principal de produire, dans les d\u00e9lais les plus brefs possibles, des lots homog\u00e8nes de grumes de peupliers de qualit\u00e9 utilisables principalement pour le d\u00e9roulage et le sciage.<\/p>\n\n\n\n<p class=\"has-base-2-color has-text-color has-link-color has-medium-font-size wp-elements-a6d276c9c8b5bd2a27fa7769365e018b\">En raison de leur rythme accru de croissance, les peupleraies constituent un puits de carbone tr\u00e8s dynamique, contribuant particuli\u00e8rement \u00e0 l\u2019att\u00e9nuation du changement climatique. Le bois utilis\u00e9 pour des usages longs, permet de prolonger le stockage du carbone.<\/p>\n\n\n\n<p class=\"has-base-2-color has-text-color has-link-color wp-elements-aac1437446c6c6b9a97020650329dfd2\"><strong>Ses atouts&nbsp;:<\/strong><\/p>\n\n\n\n<ul class=\"has-base-2-color has-text-color has-link-color wp-block-list wp-elements-1abc0c9c28167ab7d90a628a5a3d5165\">\n<li>Croissance rapide : le peuplier est l\u2019essence qui dispose du plus court cycle de rotation permettant de produire du bois rapidement mobilisable (15 \u00e0 20 ans).<\/li>\n\n\n\n<li>Stockage du carbone : la captation du carbone r\u00e9alis\u00e9e par les arbres lors de la photosynth\u00e8se contribue \u00e0 faire du peuplier un mat\u00e9riau reconnu pour ses qualit\u00e9s \u00e9cologiques.<\/li>\n\n\n\n<li>Consommation en eau : sur l\u2019ensemble de son cycle, une peupleraie ne consomme pas plus d\u2019eau qu\u2019une prairie de fauche et bien moins qu\u2019un champ de ma\u00efs. Selon diff\u00e9rentes \u00e9tudes, peupleraies et ch\u00eanaies ont des consommations en eau \u00e9quivalentes.<\/li>\n\n\n\n<li>Protection des sols : les peupleraies ont prouv\u00e9 leur capacit\u00e9 \u00e0 lutter contre les pollutions diffuses en participant activement \u00e0 la d\u00e9gradation des nitrates et des phosphates ainsi que de pesticides (phytorem\u00e9diation).<\/li>\n\n\n\n<li>Milieu interm\u00e9diaire entre for\u00eat et plaine agricole : gr\u00e2ce \u00e0 sa faible densit\u00e9 de plantation, \u00e0 son cycle de production rapide et \u00e0 sa fragmentation territoriale, le peuplier induit une alternance marqu\u00e9e de milieux ouverts et semi-ferm\u00e9s. Les peupleraies peuvent h\u00e9berger diverses communaut\u00e9s v\u00e9g\u00e9tales et animales.<\/li>\n<\/ul>\n<\/div>\n<\/div>\n\n\n\n<div style=\"height:var(--wp--preset--spacing--40)\" aria-hidden=\"true\" class=\"wp-block-spacer\"><\/div>\n\n\n\n<figure class=\"wp-block-image alignwide size-large is-style-rounded wp-duotone-duotone-1 is-style-rounded--1\"><img fetchpriority=\"high\" decoding=\"async\" width=\"768\" height=\"1024\" src=\"https:\/\/terrasylva.fr\/wp-content\/uploads\/2024\/03\/pexels-zunzun-studio-12248055-768x1024.jpg\" alt=\"\" class=\"wp-image-130\" srcset=\"https:\/\/terrasylva.fr\/wp-content\/uploads\/2024\/03\/pexels-zunzun-studio-12248055-768x1024.jpg 768w, https:\/\/terrasylva.fr\/wp-content\/uploads\/2024\/03\/pexels-zunzun-studio-12248055-225x300.jpg 225w, https:\/\/terrasylva.fr\/wp-content\/uploads\/2024\/03\/pexels-zunzun-studio-12248055-1152x1536.jpg 1152w, https:\/\/terrasylva.fr\/wp-content\/uploads\/2024\/03\/pexels-zunzun-studio-12248055-1536x2048.jpg 1536w, https:\/\/terrasylva.fr\/wp-content\/uploads\/2024\/03\/pexels-zunzun-studio-12248055-scaled.jpg 1920w\" sizes=\"(max-width: 768px) 100vw, 768px\" \/><\/figure>\n<\/div>\n\n\n\n<div class=\"wp-block-group alignfull has-base-background-color has-background has-global-padding is-layout-constrained wp-container-core-group-is-layout-d89aad35 wp-block-group-is-layout-constrained\" style=\"margin-top:0;margin-bottom:0;padding-top:var(--wp--preset--spacing--50);padding-right:var(--wp--preset--spacing--50);padding-bottom:var(--wp--preset--spacing--50);padding-left:var(--wp--preset--spacing--50)\">\n<div class=\"wp-block-columns alignwide is-layout-flex wp-container-core-columns-is-layout-549b0c86 wp-block-columns-is-layout-flex\">\n<div class=\"wp-block-column is-layout-flow wp-container-core-column-is-layout-119bc444 wp-block-column-is-layout-flow\" style=\"flex-basis:100%\">\n<p class=\"has-heading-font-family has-x-large-font-size\" style=\"line-height:1.2\">Le choix des cultivars<\/p>\n\n\n\n<div class=\"wp-block-columns is-layout-flex wp-container-core-columns-is-layout-87beb0d0 wp-block-columns-is-layout-flex\">\n<div class=\"wp-block-column is-layout-flow wp-block-column-is-layout-flow\">\n<p>Liste r\u00e9gionalis\u00e9e des peupliers. Mise \u00e0 jour Avril 2023&nbsp;: https:\/\/www.peupliersdefrance.org\/page\/107-le-diagnostic-et-le-choix-du-cultivar#synthesecultivars<\/p>\n<\/div>\n\n\n\n<div class=\"wp-block-column is-layout-flow wp-block-column-is-layout-flow\">\n<figure class=\"wp-block-image alignleft size-large is-resized\"><img decoding=\"async\" width=\"1024\" height=\"721\" src=\"https:\/\/terrasylva.fr\/wp-content\/uploads\/2024\/03\/Capture-decran-6-1024x721.png\" alt=\"\" class=\"wp-image-131\" style=\"width:776px;height:auto\" srcset=\"https:\/\/terrasylva.fr\/wp-content\/uploads\/2024\/03\/Capture-decran-6-1024x721.png 1024w, https:\/\/terrasylva.fr\/wp-content\/uploads\/2024\/03\/Capture-decran-6-300x211.png 300w, https:\/\/terrasylva.fr\/wp-content\/uploads\/2024\/03\/Capture-decran-6-768x541.png 768w, https:\/\/terrasylva.fr\/wp-content\/uploads\/2024\/03\/Capture-decran-6.png 1134w\" sizes=\"(max-width: 1024px) 100vw, 1024px\" \/><\/figure>\n<\/div>\n<\/div>\n<\/div>\n<\/div>\n<\/div>\n\n\n\n<div class=\"wp-block-cover alignfull is-light has-parallax\" style=\"padding-top:var(--wp--preset--spacing--50);padding-right:var(--wp--preset--spacing--50);padding-bottom:var(--wp--preset--spacing--50);padding-left:var(--wp--preset--spacing--50);min-height:100vh;aspect-ratio:unset;\"><span aria-hidden=\"true\" class=\"wp-block-cover__background has-base-background-color has-background-dim-0 has-background-dim\"><\/span><div role=\"img\" class=\"wp-block-cover__image-background wp-image-132 has-parallax\" style=\"background-position:50% 50%;background-image:url(https:\/\/terrasylva.fr\/wp-content\/uploads\/2024\/03\/D753688-1-scaled.jpg)\"><\/div><div class=\"wp-block-cover__inner-container has-global-padding is-layout-constrained wp-container-core-cover-is-layout-e4fd886c wp-block-cover-is-layout-constrained\">\n<div style=\"height:500px\" aria-hidden=\"true\" class=\"wp-block-spacer\"><\/div>\n<\/div><\/div>\n\n\n\n<div class=\"wp-block-group alignfull has-base-2-background-color has-background has-global-padding is-layout-constrained wp-container-core-group-is-layout-7cd14b77 wp-block-group-is-layout-constrained\" style=\"margin-top:0;margin-bottom:0;padding-top:var(--wp--preset--spacing--60);padding-right:var(--wp--preset--spacing--60);padding-bottom:var(--wp--preset--spacing--60);padding-left:var(--wp--preset--spacing--60)\">\n<div class=\"wp-block-group alignwide is-layout-flow wp-block-group-is-layout-flow\">\n<div style=\"height:var(--wp--preset--spacing--50)\" aria-hidden=\"true\" class=\"wp-block-spacer\"><\/div>\n\n\n\n<p class=\"has-accent-5-color has-text-color has-link-color wp-elements-0028efba62eddf64f1d92878c1e1edf7\"><strong>LA PLANTATION&nbsp;:<\/strong><\/p>\n\n\n\n<p><strong>Les points \u00e0 respecter&nbsp;:<\/strong><\/p>\n\n\n\n<ul class=\"has-accent-3-color has-text-color has-link-color wp-block-list wp-elements-1fba4a9e680d6fd1fe02d326728301d1\">\n<li>R\u00e9alisez une \u00e9tude stationnelle&nbsp;: connaitre son sol, c\u2019est connaitre le peuplier qui y sera le mieux adapter pour garantir un production optimale (voir ci-dessus).<\/li>\n\n\n\n<li>Une bonne pr\u00e9paration du terrain est indispensable. Privil\u00e9gier un passage de broyeur lourd.<\/li>\n\n\n\n<li>Planter entre janvier et avril, avant le d\u00e9marrage de la v\u00e9g\u00e9tation.<\/li>\n\n\n\n<li>Plantation conventionnelle en 7&#215;7 m\u00e8tres, soit 204 plan\u00e7ons par hectare<\/li>\n\n\n\n<li>Faire des trous avec une tari\u00e8re adapt\u00e9e (attentions aux sols \u00e0 tendance argileuse), voir \u00e0 la pelle m\u00e9canique.<\/li>\n\n\n\n<li>Ne pas planter \u00e0 moins de 6 m des berges, afin de limiter les emb\u00e2cles<\/li>\n\n\n\n<li>S\u2019\u00e9carter des peuplements voisins plus anciens pour \u00e9viter les effets de phototropisme et les pertes de croissance (pas de plants \u00e0 moins de 5 m du voisin)<\/li>\n\n\n\n<li>Sur les sols les plus humides, mettre un cultivar adapt\u00e9, sans drainer ou s\u2019abstenir de planter (cf. r\u00e9glementation sur les zones humides : code de l\u2019environnement)<\/li>\n\n\n\n<li>En zone Natura 2000, \u00e9tudier l\u2019opportunit\u00e9 de signer un contrat ou une charte proposant des itin\u00e9raires de conservation ou restauration d\u2019\u00e9cosyst\u00e8mes remarquables. ter en utilisant des plan\u00e7ons conserv\u00e9s en chambre froide.<\/li>\n\n\n\n<li class=\"has-medium-font-size\">Ne pas n\u00e9gliger les protections contre le gibier.<\/li>\n<\/ul>\n\n\n\n<p><\/p>\n\n\n\n<p><strong>LES ENTRETIENS&nbsp;:<\/strong><\/p>\n\n\n\n<p><\/p>\n\n\n\n<figure class=\"wp-block-table\"><table><tbody><tr><td>Travaux<\/td><td>Ann\u00e9e<\/td><td>P\u00e9riode<\/td><\/tr><tr><td>Engrais<\/td><td>\u00c0 r\u00e9aliser uniquement comme \u00ab effet starter \u00bb, si les plants v\u00e9g\u00e8tent<\/td><td>Avril \u2013 Mai&nbsp;: A la reprise de la v\u00e9g\u00e9tation<\/td><\/tr><tr><td>Epamprage (suppression des gourmands)<\/td><td>1re ann\u00e9e<\/td><td>Juillet &#8211; Ao\u00fbt<\/td><\/tr><tr><td>Travail du sol (cover-crop)<\/td><td>Une fois par an jusqu&#8217;\u00e0 la 4e &nbsp;ann\u00e9e puis \u00e9ventuellement tous les deux ans au-del\u00e0<\/td><td>Mai \u2013 Juin (Attention aux p\u00e9riodes de nidification des oiseaux)<\/td><\/tr><tr><td>Taille de formation<\/td><td>2<sup>\u00e8me<\/sup> ou 3<sup>\u00e8me<\/sup> ann\u00e9e de v\u00e9g\u00e9tation en fonction du cultivar et de leurs croissance<\/td><td>Mars &#8211; Avril<\/td><\/tr><tr><td>Elagage<\/td><td>1er \u00e9lagage \u00e0 3 m\u00e8tres : 3<sup>\u00e8me<\/sup> ann\u00e9e 2<sup>\u00e8me<\/sup> \u00e9lagage \u00e0 5 m\u00e8tres : 5<sup>\u00e8me<\/sup> ann\u00e9e 3<sup>\u00e8me<\/sup> \u00e9lagage \u00e0 7m : 8<sup>\u00e8me<\/sup> ann\u00e9e<\/td><td>Juillet &#8211; Ao\u00fbt<\/td><\/tr><\/tbody><\/table><\/figure>\n\n\n\n<p><strong><u>Remarque :<\/u><\/strong> le fauchage n\u2019apporte rien \u00e0 la croissance du peuplier. Au contraire, il favorise la vigueur de la strate herbac\u00e9e qui est n\u00e9faste \u00e0 la reprise et \u00e0 la croissance des arbres.<\/p>\n\n\n\n<p><\/p>\n\n\n\n<p class=\"has-text-align-center has-heading-font-family has-x-large-font-size\" style=\"font-style:normal;font-weight:400;line-height:1.2\">Vous avez pour projet de planter un peupleraie ? Vous avez besoin de conseil pour entretenir vos peupliers? N&#8217;h\u00e9sitez pas \u00e0 me contacter<\/p>\n\n\n\n<p><\/p>\n\n\n\n<div class=\"wp-block-buttons is-content-justification-center is-layout-flex wp-container-core-buttons-is-layout-a89b3969 wp-block-buttons-is-layout-flex\">\n<div class=\"wp-block-button has-custom-width wp-block-button__width-50 is-style-fill\"><a class=\"wp-block-button__link has-accent-3-background-color has-background wp-element-button\" href=\"https:\/\/terrasylva.fr\/index.php\/contact\/\">Contact <\/a><\/div>\n<\/div>\n\n\n\n<div style=\"height:var(--wp--preset--spacing--50)\" aria-hidden=\"true\" class=\"wp-block-spacer\"><\/div>\n<\/div>\n<\/div>\n","protected":false},"excerpt":{"rendered":"<p>Le peuplier se distingue des autres essences foresti\u00e8res, notamment feuillues, par son excellente rectitude, sa vitesse de croissance et son aptitude au bouturage exceptionnelles. Il fait l\u2019objet d\u2019un traitement sylvicole sp\u00e9cifique, relativement intensif, la populiculture, dont les principales particularit\u00e9s sont : l\u2019introduction de peupliers sous forme de plan\u00e7ons*, l\u2019utilisation d\u2019un nombre r\u00e9duit de vari\u00e9t\u00e9s (cultivars) [&hellip;]<\/p>\n","protected":false},"author":1,"featured_media":139,"parent":0,"menu_order":0,"comment_status":"closed","ping_status":"closed","template":"","meta":{"footnotes":""},"class_list":["post-129","page","type-page","status-publish","has-post-thumbnail","hentry"],"_links":{"self":[{"href":"https:\/\/terrasylva.fr\/index.php\/wp-json\/wp\/v2\/pages\/129","targetHints":{"allow":["GET"]}}],"collection":[{"href":"https:\/\/terrasylva.fr\/index.php\/wp-json\/wp\/v2\/pages"}],"about":[{"href":"https:\/\/terrasylva.fr\/index.php\/wp-json\/wp\/v2\/types\/page"}],"author":[{"embeddable":true,"href":"https:\/\/terrasylva.fr\/index.php\/wp-json\/wp\/v2\/users\/1"}],"replies":[{"embeddable":true,"href":"https:\/\/terrasylva.fr\/index.php\/wp-json\/wp\/v2\/comments?post=129"}],"version-history":[{"count":4,"href":"https:\/\/terrasylva.fr\/index.php\/wp-json\/wp\/v2\/pages\/129\/revisions"}],"predecessor-version":[{"id":173,"href":"https:\/\/terrasylva.fr\/index.php\/wp-json\/wp\/v2\/pages\/129\/revisions\/173"}],"wp:featuredmedia":[{"embeddable":true,"href":"https:\/\/terrasylva.fr\/index.php\/wp-json\/wp\/v2\/media\/139"}],"wp:attachment":[{"href":"https:\/\/terrasylva.fr\/index.php\/wp-json\/wp\/v2\/media?parent=129"}],"curies":[{"name":"wp","href":"https:\/\/api.w.org\/{rel}","templated":true}]}}